 g - 304. Calculate the remainder when ((-4)/(-16))/(3/g) is divided by 9.
7
Suppose 7*d + 38 = -88. Let s = d + 31. What is the remainder when 51 is divided by s?
12
Let f(s) be the third derivative of 5*s**4/8 - 3*s**3/2 + 2*s**2. Calculate the remainder when f(2) is divided by 6.
3
Suppose -3*k + 588 = 9*k. What is the remainder when k is divided by 13?
10
Let w(i) = -i**3 + 12*i**2 + 14*i - 11. Let v be w(13). Suppose v*p - 6*p = -240. Suppose 9*o = 4*o + p. What is the remainder when 34 is divided by o?
10
Let n = -5 + 67. Calculate the remainder when n is divided by 25.
12
What is the remainder when 37 is divided by (30/4)/(7*(-2)/(-28))?
7
Suppose 3*c - 7*l - 671 = -5*l, 0 = -c - 2*l + 237. What is the remainder when c is divided by 12?
11
What is the remainder when 331 is divided by 165 + -5 + (10 - 13)?
17
Suppose -5*p - n = -2*p + 36, -n = 3. Let r(h) = h**3 + 11*h**2 - h + 8. Calculate the remainder when 67 is divided by r(p).
10
Let i(o) = 3*o + 3*o - 3 - 8*o + 0. Calculate the remainder when i(-15) is divided by 15.
12
Let b = 17 - -139. Calculate the remainder when b is divided by 47.
15
Suppose -17*n = -22*n + 10. Suppose k - n*s = 32, -5*k + 118 = -0*k + 4*s. Calculate the remainder when k is divided by 14.
12
Let o = -1823 + 1873. Let x(q) = 16*q + 1. Suppose 3 = 2*t + 1. Calculate the remainder when o is divided by x(t).
16
Suppose 0 = -3*z - z + 36. Suppose -3 = s - 1, 0 = -3*p - s - 38. Let q = p - -46. What is the remainder when q is divided by z?
7
Let z = -1657 + 1682. Calculate the remainder when 173 is divided by z.
23
Let u = -267 - -302. Calculate the remainder when u is divided by 8.
3
Let w(y) = y**3 + 15*y**2 - y - 5. Let j be (-4 - (-124)/(-12)) + 2/(-3). What is the remainder when 33 is divided by w(j)?
3
Let o = -5 - -5. Let i be -3 + 1 + o - -9. Suppose 0 = -4*x + d + 41, x + 4*d = -2*x + i. Calculate the remainder when 25 is divided by x.
7
Let d = -52 + 70. Let z = -1 + 0. Let p = 4 - z. Calculate the remainder when d is divided by p.
3
Let d = -43 + 66. What is the remainder when 86 is divided by d?
17
Let w(f) = f**2 - 9*f + 4. Let b be (-84)/(-10) + (-9)/(-15). Suppose -3*g = b, -5*g + 37 = 3*n - n. What is the remainder when n is divided by w(10)?
12
Let b be 4/14 + 74/(-14). Let k be 1/(-5) - 11/b. Suppose 5*y = -3*j + 29, 2 = -0*y + k*y. Calculate the remainder when j is divided by 5.
3
Suppose -5*z + 35 = 5*p, -4*z + 4 = -p + 2*p. Suppose -12 = -4*j + p. Let d(w) = -w**3 - 2*w**2. Calculate the remainder when d(-3) is divided by j.
4
Let z = 34 - -9. Calculate the remainder when z is divided by -1*(-3)/(-4) + 1 - 6580/(-752).
7
Suppose 60*b = 55*b + 4*k + 642, 386 = 3*b - 2*k. Calculate the remainder when b is divided by 43.
1
Let c(i) = -2*i - 10. Let b be c(0). Let k = b - -2. Let v = 19 + k. What is the remainder when 40 is divided by v?
7
Let s = -220 + 309. Let w = 217 + -187. Calculate the remainder when s is divided by w.
29
Suppose -5*r = -3*w - w - 407, 5*w + 4*r + 478 = 0. Let f = w - -114. What is the remainder when 28 is divided by f?
12
What is the remainder when (-7)/(-21) - 3/((-36)/140) is divided by 9?
3
Let k(u) = 2*u**3 - u**2 + u. Let p(b) = -1. Let q(n) = 5*n + 22. Let r(f) = -4*p(f) - q(f). Calculate the remainder when r(-17) is divided by k(2).
11
Let u = 4 + 6. Suppose -4*c + 104 + 106 = 2*j, 3*j - 3*c - 270 = 0. Let x = j + -66. What is the remainder when x is divided by u?
9
Let r = -4 + 7. Suppose 0 = 7*w - r*w - 136. Suppose -303*d + 4307 = -1147. Calculate the remainder when w is divided by d.
16
Let m(t) = 1016*t - 297. What is the remainder when m(3) is divided by 51?
48
Suppose -8*a + 5*a = 12, 5*c - 36 = -a. Calculate the remainder when (-1)/1 - (-39 - 1) is divided by c.
7
Suppose -p - 3*p + s + 139 = 0, 3*p - 4*s - 114 = 0. Let u(o) = o + 2. Let k = 8 + 2. What is the remainder when p is divided by u(k)?
10
Let d = 14 - -8. Suppose 2*s - 138 = -d. What is the remainder when s is divided by 20?
18
Suppose 0 = 4*t - 6*t - 2*z - 2, 0 = -2*t - 3*z. Let v = t + 20. Suppose y + 3 = 68. What is the remainder when y is divided by v?
14
Let n(i) = -5*i + 1. Let k be n(2). Let c be (k/(18/(-52)))/2. What is the remainder when 29 is divided by c - -2*9/6?
13
Let w = 58 - -24. Suppose 3*q - w = 35. Calculate the remainder when q is divided by 10.
9
Let z = -35 + 128. Calculate the remainder when z is divided by 20.
13
Suppose -2*v + 33 = -71. Let f(d) = -3*d + 198. Calculate the remainder when v is divided by f(57).
25
Let u = -4 + 5. Let c be (u - 1) + 11 + -9. Suppose -2*o = c*x - 70, 0*o - o = -1. Calculate the remainder when x is divided by 12.
10
Let o be (7 + 14)*8/(-6). Let l = o + 52. What is the remainder when l is divided by (-4)/10 - 144/(-10)?
10
Suppose -2*g - 25 = 35. Let c = g + 43. Calculate the remainder when c is divided by 5.
3
Calculate the remainder when 39 is divided by 2914/372 + 1/6.
7
Let r(i) = 101*i**3 + 12*i**2 + 3*i. Let y = 80 + -50. What is the remainder when r(1) is divided by y?
26
Suppose -p = -6*p + 90. What is the remainder when (3 - (-63)/(-14)) + 73/2 is divided by p?
17
Let d(i) = 2*i + 82. What is the remainder when d(14) is divided by (23 + -2)/(3/4)?
26
Let o(m) be the first derivative of 1/2*m**2 - m**3 + 23*m - 9. Calculate the remainder when o(0) is divided by 7.
2
Let u(d) = d**3 - 7*d**2 + 4*d + 12. Let y be u(5). Let a = y + 42. What is the remainder when a is divided by 9?
6
Suppose 4*c = -9 + 41. Suppose -1 = 5*l - 0*f - 3*f, -c = -4*l - 2*f. Suppose -4*z + 13 = l. Calculate the remainder when z is divided by 3.
0
Suppose 83 = -3*a + l + 301, -5*a + 364 = -l. Calculate the remainder when 245 is divided by a.
26
Let d(v) = v**3 - 12*v**2 + v - 1. Calculate the remainder when (5 + 0)*(-96)/(-15) is divided by d(12).
10
Let s(d) = d**2 - 6*d - 7. Calculate the remainder when 1043 is divided by s(-2).
8
Suppose -18*y - 322 = -32*y. Suppose 7 - y = -4*m. Calculate the remainder when 41 is divided by m.
1
Let j be ((-10)/(-5))/(-1 - -2). What is the remainder when 12 is divided by (7/(-5))/(j/(-10))?
5
Suppose 3*l + 301 = 76. Let d = 76 + l. What is the remainder when d is divided by 1?
0
Suppose -40*x = -33*x - 168. What is the remainder when 767 is divided by x?
23
Let z = 4 - 1. Suppose 17*q = 21*q. Suppose 0*u - z*u + 66 = q. Calculate the remainder when u is divided by 6.
4
Let s(u) = 20*u - 201. What is the remainder when s(25) is divided by 37?
3
Suppose 18*h - 14*h = 608. Suppose -8 - h = -5*q. Suppose -5*a + 3 = -q. What is the remainder when 24 is divided by a?
3
Let z = 9 + 9. Suppose 3 + 4 = -k. What is the remainder when 88 + 4 + 4 + k is divided by z?
17
Suppose 2*n = -2*z + 4*n, -12 = z - 5*n. Let i = 9659 + -9653. Calculate the remainder when i is divided by z.
0
Suppose 0*u = 5*u + 190. Suppose -576 = 4*m + 4*m. Let b = u - m. What is the remainder when b is divided by 12?
10
Let d = -136 - -183. Suppose -4*u = i - 103, -5*u + 2*i + 13 = -106. What is the remainder when d is divided by u?
22
Let y(s) = -s. Suppose -3*r = 2*r + 20. Let x be y(r). Suppose -4*b = -x*i - 88, -i = 3*b - 3*i - 62. What is the remainder when 35 is divided by b?
17
Let c = 414 + -355. Suppose 16 = 3*u - 11. Calculate the remainder when c is divided by u.
5
Let t = 20 - 12. Suppose 8*o + 22 - 126 = 0. What is the remainder when o is divided by t?
5
Suppose 6*w = 10*w - 48. Suppose -4 = -11*b + 10*b. What is the remainder when w is divided by b?
0
Let u(h) = 3*h**2 - 20*h - 103. What is the remainder when 123 is divided by u(-4)?
23
Suppose 40*o - 38*o = 286. What is the remainder when o is divided by 12?
11
Calculate the remainder when 517 + (-16)/(-8)*6/4 is divided by 87.
85
Let t(r) = -r**3 - 12*r + 9 - 3 - 10*r**2 - 13. Let b = -83 + 160. What is the remainder when b is divided by t(-9)?
17
Let s = -5 - -14. Suppose -3*t + 97 = 19. Suppose t = -b + 79. What is the remainder when b is divided by s?
8
Suppose 2 = 2*o + b - 129, 4*b + 280 = 4*o. Calculate the remainder when 131 is divided by o.
64
Suppose -2709 = -7*r - 14*r. What is the remainder when r is divided by 28?
17
Let x(p) = -p**3 + 5*p**2 - p + 78. Calculate the remainder when 51 is divided by x(6).
15
Let p = -22 - -27. Suppose 5*m + p*u = 35, -14 = -0*m - 2*m + 2*u. What is 